 290436331 composite?
False
Is 231419 a prime number?
True
Is 11852717 a prime number?
True
Is 227939 a composite number?
True
Is 9664841 a prime number?
True
Is 8250553 a prime number?
False
Is 467413 a composite number?
True
Is 58943929 a prime number?
False
Is 3884927 prime?
False
Is 15833395 a composite number?
True
Is 18794602 a composite number?
True
Is 545221 composite?
True
Is 37561223 a prime number?
False
Is 1893811 a composite number?
True
Is 13849319 composite?
True
Is 183151 a prime number?
True
Is 461644291 a composite number?
False
Is 26592029 a prime number?
False
Is 75127189 a composite number?
True
Is 31625507 composite?
False
Is 197973266 a composite number?
True
Is 681961 a composite number?
True
Is 60641533 composite?
True
Is 282895253 a prime number?
True
Is 7265443 composite?
True
Is 7033583 a composite number?
False
Is 64549021 composite?
False
Is 8517179 a prime number?
False
Is 606509 a prime number?
False
Is 2240002 composite?
True
Is 312509 prime?
True
Is 11877197 prime?
False
Is 13557149 composite?
False
Is 6155179 prime?
True
Is 6746137 prime?
True
Is 1566163 a prime number?
True
Is 122383777 composite?
True
Is 402645779 a prime number?
True
Is 18263951 a composite number?
False
Is 22865543 composite?
True
Is 18931769 a prime number?
False
Is 27509 a composite number?
False
Is 3850699 composite?
False
Is 404179561 prime?
True
Is 3267233 composite?
False
Is 67028839 a prime number?
True
Is 62731967 a composite number?
False
Is 218699 composite?
True
Is 17110879 composite?
False
Is 7877497 a composite number?
True
Is 6937013 prime?
False
Is 2295169 composite?
False
Is 7699057 a prime number?
True
Is 1160927 composite?
False
Is 8052389 composite?
False
Is 91360459 a prime number?
False
Is 37355803 a composite number?
True
Is 469231 composite?
True
Is 1251461 a composite number?
False
Is 106228321 composite?
True
Is 1150462 prime?
False
Is 43194287 a prime number?
True
Is 381209 a composite number?
False
Is 44234087 prime?
True
Is 64116187 a prime number?
False
Is 25682809 composite?
False
Is 201013 a composite number?
True
Is 864491 a composite number?
False
Is 2274793 composite?
False
Is 392164691 a prime number?
False
Is 6684301 composite?
True
Is 57487 a prime number?
True
Is 143153411 composite?
True
Is 28181 a composite number?
False
Is 310350023 composite?
False
Is 231207683 composite?
True
Is 584207 a prime number?
False
Is 1388617 a prime number?
False
Is 22823299 a prime number?
False
Is 2020879 composite?
True
Is 119816443 a composite number?
False
Is 270926041 a prime number?
True
Is 237311 a prime number?
False
Is 73617527 a prime number?
False
Is 17687597 a composite number?
False
Is 6278891 a prime number?
False
Is 22877357 prime?
True
Is 6715691 prime?
True
Is 791669 a composite number?
True
Is 3307153 a prime number?
True
Is 8604641 a prime number?
True
Is 1602599 prime?
True
Is 50729443 a composite number?
False
Is 1540927 a prime number?
True
Is 2136209 a composite number?
False
Is 583603 a prime number?
True
Is 17911763 prime?
False
Is 1908593 a composite number?
True
Is 127621511 a prime number?
False
Is 852083 composite?
True
Is 1385207 prime?
False
Is 14855605 composite?
True
Is 4482497 a composite number?
False
Is 19978645 composite?
True
Is 15672263 a composite number?
True
Is 67830733 a prime number?
False
Is 68606459 a prime number?
False
Is 7218373 a prime number?
False
Is 172044227 composite?
False
Is 173177 a prime number?
True
Is 24892327 a prime number?
True
Is 29839603 a composite number?
False
Is 1401371 a prime number?
True
Is 7158731 a prime number?
False
Is 7473143 a prime number?
True
Is 34339111 a composite number?
False
Is 37823993 prime?
True
Is 8608153 a composite number?
True
Is 63376957 composite?
True
Is 10939385 a composite number?
True
Is 4701589 prime?
True
Is 96042013 prime?
True
Is 15387113 a prime number?
False
Is 500815589 a prime number?
True
Is 3781207 a prime number?
False
Is 4722343 a prime number?
True
Is 203787761 a composite number?
True
Is 10460257 composite?
True
Is 9661499 a composite number?
True
Is 30926033 a composite number?
True
Is 799 prime?
False
Is 1533127 composite?
False
Is 9538981 a prime number?
True
Is 11241841 composite?
True
Is 36212615 composite?
True
Is 85597 prime?
True
Is 10306801 a composite number?
False
Is 5107891 composite?
False
Is 11509703 a composite number?
True
Is 3975317 prime?
False
Is 74902585 prime?
False
Is 410599 prime?
False
Is 675029 a prime number?
True
Is 36574381 a prime number?
False
Is 377129989 a composite number?
True
Is 9327469 prime?
True
Is 883555 prime?
False
Is 82735223 a prime number?
True
Is 2251013 a composite number?
True
Is 28636921 prime?
True
Is 34548377 composite?
True
Is 46202477 prime?
True
Is 35661 prime?
False
Is 148622311 composite?
False
Is 972989 a prime number?
False
Is 2542363 prime?
True
Is 728809 composite?
False
Is 744599 prime?
True
Is 28485107 a prime number?
False
Is 9203071 a prime number?
True
Is 4393387 a composite number?
False
Is 12031759 a prime number?
False
Is 60469247 a composite number?
True
Is 20682569 a composite number?
False
Is 19499891 a prime number?
True
Is 78283289 a composite number?
True
Is 36861941 a composite number?
True
Is 258375221 prime?
False
Is 12887333 prime?
False
Is 129379 prime?
True
Is 9216769 prime?
False
Is 44196847 a composite number?
False
Is 3542939 prime?
True
Is 35854627 a prime number?
True
Is 1053295 composite?
True
Is 195401 a composite number?
False
Is 7163831 prime?
True
Is 1159271 composite?
False
Is 2476651 a prime number?
True
Is 396661591 a composite number?
True
Is 23367767 a prime number?
False
Is 195952103 composite?
False
Is 1102553 a composite number?
False
Is 2185427 a prime number?
True
Is 76889327 composite?
False
Is 2069341 prime?
True
Is 73735829 composite?
False
Is 1008490697 a prime number?
False
Is 20002615 a composite number?
True
Is 2703269 composite?
False
Is 556883 a composite number?
False
Is 9660139 prime?
True
Is 152994853 a composite number?
True
Is 20050933 composite?
True
Is 83383511 composite?
True
Is 135191963 a prime number?
True
Is 5633167 a prime number?
False
Is 1621877761 a composite number?
True
Is 1206001 a composite number?
True
Is 264932713 a composite number?
True
Is 4907969 a prime number?
False
Is 1580911 a prime number?
True
Is 219470681 a prime number?
True
Is 19202759 a composite number?
False
Is 10930763 a composite number?
True
Is 221102761 a prime number?
False
Is 6874799 composite?
False
Is 6839659 composite?
False
Is 13722077 composite?
True
Is 885119 prime?
False
Is 370915247 composite?
False
Is 124925101 a composite number?
True
Is 11541583 prime?
True
Is 2633789 composite?
False
Is 4267727 prime?
False
Is 105639571 composite?
False
Is 78948053 a composite number?
False
Is 20057581 a prime number?
False
Is 1990049 composite?
True
Is 9829874 a prime number?
False
Is 497393689 composite?
True
Is 10473779 composite?
False
Is 329611 composite?
True
Is 1287695 a composite number?
True
Is 7178345 composite?
True
Is 30099293 composite?
True
Is 378412081 prime?
True
Is 112631317 prime?
False
Is 32121759 a prime number?
False
Is 3873143 composite?
True
Is 833647 a prime number?
False
Is 139383451 prime?
True
Is 308886521 a prime number?
True
Is 2739257 composite?
True
Is 21087847 composite?
True
Is 12408509 composite?
False
Is 590509 composite?
True
Is 1948841 a prime number?
False
Is 5958373 prime?
False
Is 8101859 a prime number?
True
Is 8334377 a composite number?
False
Is 56917247 a prime number?
False
Is 26093801 composite?
True
Is 3175213 prime?
False
Is 939119 composite?
False
Is 8093341 a composite number?
False
Is 288110969 composite?
True
Is 2146477 a composite number?
False
Is 276123 a composite number?
True
Is 2784931 prime?
False
Is 9842869 a prime number?
True
Is 1889201 a composite number?
False
Is 11523221 composite?
True
Is 14878567 composite?
True
Is 68880839 a prime number?
True
Is 48822779 prime?
True
Is 3322547 prime?
True
Is 565837729 a composite number?
True
Is 7283285 composite?
True
Is 23349457 composite?
False
Is 1217695027 composite?
True
Is 860641 composite?
False
Is 18966767 prime?
False
Is 34827487 a prime number?
False
Is 117081409 a composite number?
False
Is 123052